 are the prime factors of t?
2, 5
Let d be 6/(-30) + (-18)/10. Let k be (0 - d) + (-118)/(-2). Suppose 4*w = 3*y - k - 103, 2*y - 108 = 2*w. List the prime factors of y.
2, 13
List the prime factors of ((-1785)/204)/(1/(-28)).
5, 7
Let i = -30 + 24. Let x be (-1)/(3/3*1). List the prime factors of 69/i*(x + -1).
23
Let o = -7 + 16. Let z = o + 84. Suppose 10*c + z = 13*c. What are the prime factors of c?
31
Suppose -4*a - 35 = 13. Let f = a + 18. Suppose -v + 0 + f = 0. What are the prime factors of v?
2, 3
Suppose 2*f = -2*f + 8. Suppose 2*v = -4*x + 18, v + v + f = 0. Suppose 12 = -x*y + 82. What are the prime factors of y?
2, 7
List the prime factors of (-5815)/(-21) - (-164)/1722.
277
Suppose -1404 = 4*a - 4. Let t = a - -1583. List the prime factors of (-1)/4 - t/(-36).
2, 17
Suppose 2*r - 2 = -p, -p + 0 + 7 = -3*r. Suppose 15 = -p*f + 9*f. List the prime factors of 1*(f + (-176)/(-4)).
47
Let z(j) = 0*j**2 - 28*j + 0*j**2 + 16*j - j**2 + 3. Let g be z(-12). Suppose 0*a + g*a = 150. What are the prime factors of a?
2, 5
Let l(a) = 2*a**2 - 2*a. Let g be l(2). Let v = 8 - g. Suppose -z = -5*p + 8, -v*z + 23 = -5*p - 20. What are the prime factors of z?
17
Let w = 382 - 208. Let c = -39 + w. What are the prime factors of c?
3, 5
Suppose 8*b = 3*b + 400. Suppose -i - b = 4*i. Let p = i + 50. What are the prime factors of p?
2, 17
Let s be 5/((-15)/8)*15/5. Let j(z) = z**3 + 8*z**2 - 6*z - 15. List the prime factors of j(s).
3, 11
Suppose -5*q + q - 665 = -3*u, q = -u + 224. List the prime factors of u.
223
Suppose 10 = 2*q + 3*q. Suppose q*k = k + 5. Suppose -14 = -3*j + k*v, 3*j - 16 = 4*v - 0. What are the prime factors of j?
2
Let w = 4 + -4. Let s(p) = -p + 2. Let l be s(w). Suppose l*g - 4*g + 26 = 0. List the prime factors of g.
13
Suppose -m = 6*m - 91. Let z be 2 - (-3*m - 0). Suppose 3*c - 61 - z = 0. What are the prime factors of c?
2, 17
Let b = 102 - 105. What are the prime factors of b - (18/(-8))/((-3)/(-96))?
3, 23
Suppose -2*u + 16 = 2*u. Suppose 0 = k - 4 - u. Let s = 5 + k. What are the prime factors of s?
13
Let k = -14 - -87. Suppose 4*g = -5*s + 131 + 22, 0 = 2*g - s - k. Suppose 215 + g = 4*w. List the prime factors of w.
3, 7
Suppose -2*a + 7 = -1. Suppose o - a*o - 2*i - 16 = 0, o = i + 3. What are the prime factors of o/((-112)/(-116) + -1)?
2, 29
Let y(a) be the third derivative of a**5/12 + 6*a**2. Let n be y(1). Suppose 13 = 3*t + 4*z + z, 75 = 5*t - n*z. What are the prime factors of t?
11
What are the prime factors of (-324 + -3)/(-1*4/4)?
3, 109
Let j(t) = -5*t**3 + 40*t**2 + 68*t + 53. Let b(h) = 2*h**3 - 13*h**2 - 23*h - 18. Let a(y) = -8*b(y) - 3*j(y). What are the prime factors of a(-15)?
2, 3, 5
Let z(m) = 31*m + 2. Let q(y) = y**2 - 6*y - 3. Let t be q(7). Let v be z(t). List the prime factors of ((-2)/4)/((-3)/v).
3, 7
What are the prime factors of 87/3*(-44)/(-8 + 4)?
11, 29
List the prime factors of (3 + (-9 - -3))*(-347)/3.
347
Let t be (-3)/4 - (-7)/(-28). Let s = 4 + t. What are the prime factors of 3 + 10/s*6?
23
Suppose 723 = -15*y + 16*y. Suppose 5*f - y = -103. List the prime factors of f.
2, 31
Suppose -54158 = -20*z - 20278. List the prime factors of z.
2, 7, 11
Let l = -3 + 5. Let h(i) = 10 + 14*i - 28 + 16. What are the prime factors of h(l)?
2, 13
Suppose 0 = -m - 2*x + 4*x + 343, 0 = -m - 5*x + 322. List the prime factors of m.
337
Suppose v - 465 = 3*m, -3*m - 1209 = -3*v + 198. What are the prime factors of v?
3, 157
Let k = 3554 - 1883. What are the prime factors of k?
3, 557
Let v be (-9)/(-15) - 10896/(-40). Suppose -35 = -5*g - 4*b, -2*b = 5*g - 6 - 19. List the prime factors of v/(-7)*g/(-9).
13
Suppose 4*i - 18680 = 4*s, s = 4*i - 9657 - 9026. List the prime factors of i.
3, 173
Let f(a) = a**2 - 4*a - 6. Let h be f(6). Let m = -4 + h. Let g = m + 17. What are the prime factors of g?
19
Let h(o) = -7*o**2 + 3 + 2*o**2 - 2*o + 3*o**2 - 6 - o**3. Let q be h(-2). What are the prime factors of (-1)/q + 1 - -21?
3, 7
Suppose -151 = -c - 3*y - 0*y, c = -y + 153. What are the prime factors of c?
2, 7, 11
Let i(c) = 3*c**2 + 37*c + 58. List the prime factors of i(-14).
2
Suppose 17*b - 20*b - 12 = 0. Let h(f) = f**3 + 3*f**2 - 6*f - 3. Let r be h(b). Suppose 0*y + 3*y + c = 139, -5*y + 235 = r*c. List the prime factors of y.
2, 23
Suppose 0 = -0*u + 4*u. Let l = -47 - -51. Suppose -3*n = -l*h - 31, n + 3*n - h - 63 = u. List the prime factors of n.
17
Let i be (-3 - (-81)/21)*14. List the prime factors of -3 + -1 + i + 39.
47
Let v = 10 - -379. List the prime factors of v.
389
Let g(r) = r**2 - 7*r - 7. Let v be g(7). Let m = 14 + v. List the prime factors of -4 + 7 + -2 + m.
2
Suppose 7 - 19 = 6*k. What are the prime factors of (9/k)/((-12)/64)?
2, 3
Let v(u) = 32*u + u**2 + 6 - 30*u + 3. Let x be v(-6). Let s = 71 - x. List the prime factors of s.
2, 19
Let u be 529 + (1 - (-4 - -2)). Suppose -132 + u = 5*c. List the prime factors of c.
2, 5
Let x = -9499 - -15282. What are the prime factors of x?
5783
Let h(l) = 1779*l - 145. List the prime factors of h(1).
2, 19, 43
List the prime factors of ((-7881)/74)/(14/20 + -1).
5, 71
Suppose -4*o - 408 = -5*o. List the prime factors of o.
2, 3, 17
Suppose -8 = -5*h + 3*h. Suppose 2*d + h*d = 1074. What are the prime factors of d?
179
Let c = 280 - 125. Suppose 3*u = 2*t + 4 - 57, 3*u = 5*t - c. What are the prime factors of t?
2, 17
Let s = 554 - 219. Let w be (-2)/13 + s/65. Suppose 0*k - w*k + 2*o = -145, 2*k = o + 59. What are the prime factors of k?
3
Suppose -4*i = -i. Let l(r) = -r**2 + 3. Let b be l(i). What are the prime factors of 24/b - (-6)/2?
11
Let l(k) = -2*k**3 - 2*k**2 + 2. Let n be l(-2). Let d be -4*(n/8 - 0). Let v(f) = f**2 + 4*f + 3. What are the prime factors of v(d)?
2
Let w(u) = 1211*u + 170. What are the prime factors of w(3)?
3803
List the prime factors of (-4 - 3 - -979) + -9.
3, 107
Suppose 24 = -3*j - 51. Let v = -19 - j. Let b(s) = s**2 - 7*s + 8. What are the prime factors of b(v)?
2
Let v(a) = -5*a - 10. Let f be v(-4). Suppose f*z + 70 = 8*z. Let y = -24 - z. What are the prime factors of y?
11
Let n(o) = -o - 1. Let a be n(-4). Suppose 350 = a*z - 4*c, -4*c + 4 = -12. Suppose 3*u - 3 = 0, -5*i + z = 2*u - 0*u. List the prime factors of i.
2, 3
Let l(g) = 16*g**2 + 7*g + 19. List the prime factors of l(-7).
2, 13, 29
Let y = -62 - -829. List the prime factors of y.
13, 59
Let f be (-2)/(1*1/2). Let x(z) = 19*z + 1. Let j(b) = 22*b + 2. Let n(l) = 3*j(l) - 4*x(l). What are the prime factors of n(f)?
2, 3, 7
Let q = 297 - -225. List the prime factors of q.
2, 3, 29
Suppose k = y + 3*y - 241, 2*k + 116 = 2*y. Let r = -43 + y. What are the prime factors of r?
2, 3
Let o = 990 + 4271. What are the prime factors of o?
5261
Suppose -3 = -2*p + 1. Suppose 38 = q + p*o, q + o = 47 - 13. Let s = -15 + q. What are the prime factors of s?
3, 5
Suppose -56 - 5104 = -5*y - 4*t, -1008 = -y + 4*t. List the prime factors of y.
2, 257
Suppose 0 = 101*w - 105*w + l + 1101, 3*l + 819 = 3*w. List the prime factors of w.
2, 3, 23
Let l(w) = 3*w - 9. Suppose -4*y - 5*d + 25 = y, 2*y = 4*d + 4. Let b be l(y). Suppose -2 - 43 = -b*q. List the prime factors of q.
3, 5
Suppose -2*o + 49 = -1113. List the prime factors of o.
7, 83
Suppose 2*f - 47 = g + 4*g, 3*f + 6 = -g. Let j(u) = -u**2 + 16*u - 16. Let n be j(14). Let l = g + n. What are the prime factors of l?
3
Let d = 1 + 16. Let s = 20 - d. Let k(a) = a**3 + 2*a**2 - 7. What are the prime factors of k(s)?
2, 19
List the prime factors of ((-4)/(-5))/((-96)/(-305040)).
2, 31, 41
Suppose 4*c + 4*a = 156, 5*c = -0*c - 4*a + 191. Let u = c + -21. What are the prime factors of u?
2, 7
Suppose 2*y - 2996 = 3*h + 88, -4*h = 2*y - 3084. What are the prime factors of y?
2, 3, 257
Let x(j) = -j**3 - 12*j**2 - 10*j + 11. Let o be x(-11). Suppose 7*r - 10*r - 15 = o. List the prime factors of r + 8 - (-32)/2.
19
Suppose 0 = -2*w - 5*j + 1618, -671 = 4*w + 3*j - 3935. What are the prime factors of w?
3, 7, 13
List the prime factors of (237/9)/(348/342 + -1).
19, 79
What are the prime factors of ((-9)/(72/40144))/(-3 - -2)?
2, 13, 193
Suppose 0 = -4*d - d + 45. Let x(b) = -2*b + 48. Let w be x(20). Let a = d + w. List the prime factors of a.
17
Suppose -4*a - 3*t = -4780, a - t - 1442 = -254. 